and 47790?
1770
What is the highest common divisor of 1921 and 1751?
17
What is the greatest common factor of 1770 and 20730?
30
Calculate the greatest common factor of 77858 and 88.
22
What is the greatest common divisor of 38280 and 520?
40
What is the highest common factor of 5 and 10135?
5
Calculate the greatest common factor of 9450175 and 175.
175
Calculate the greatest common divisor of 624 and 2119.
13
What is the greatest common divisor of 800 and 214000?
400
What is the highest common divisor of 49619 and 177?
59
What is the greatest common divisor of 2068 and 28388?
188
Calculate the highest common factor of 45 and 451539.
9
Calculate the greatest common divisor of 180 and 30120.
60
What is the highest common factor of 5286060 and 1170?
1170
What is the highest common factor of 340 and 13396?
68
Calculate the greatest common factor of 114 and 100206.
114
What is the greatest common factor of 290 and 6025910?
290
What is the greatest common divisor of 58 and 178727?
29
Calculate the greatest common factor of 127 and 35306.
127
What is the highest common divisor of 20076 and 1932?
84
What is the highest common divisor of 3 and 125117?
1
What is the highest common factor of 3084 and 7206?
6
Calculate the highest common factor of 15771 and 203521.
751
Calculate the greatest common divisor of 47359 and 533.
13
What is the greatest common factor of 207 and 22241?
23
What is the highest common divisor of 310 and 35980?
10
What is the greatest common factor of 728 and 26221?
13
Calculate the greatest common factor of 176 and 443.
1
Calculate the highest common divisor of 18 and 5865201.
9
What is the highest common factor of 2734601 and 166?
83
Calculate the greatest common factor of 1637553 and 57.
57
What is the greatest common factor of 121 and 1?
1
Calculate the greatest common factor of 3286063 and 11.
11
What is the highest common factor of 721 and 44639?
7
Calculate the greatest common factor of 2044 and 1778.
14
What is the greatest common divisor of 267876 and 18?
18
What is the greatest common divisor of 1036 and 6179?
37
What is the greatest common divisor of 8001 and 735?
21
What is the highest common divisor of 24 and 258?
6
What is the highest common divisor of 13194 and 198?
18
What is the highest common factor of 361172 and 28?
28
Calculate the greatest common factor of 16182 and 1674.
558
Calculate the greatest common divisor of 1981 and 3113.
283
What is the greatest common divisor of 16 and 11027728?
16
Calculate the highest common divisor of 282 and 19800.
6
Calculate the greatest common factor of 26187 and 72498.
129
Calculate the greatest common factor of 522 and 131283.
261
Calculate the greatest common divisor of 8 and 1462424.
8
Calculate the greatest common factor of 6495014 and 58.
58
What is the greatest common divisor of 247545 and 405?
45
Calculate the highest common factor of 966990 and 30.
30
Calculate the greatest common divisor of 118095 and 240.
15
What is the greatest common factor of 1197 and 11115?
171
Calculate the greatest common factor of 7125 and 2725.
25
What is the highest common divisor of 52 and 197626?
26
What is the greatest common divisor of 6648 and 84?
12
Calculate the greatest common factor of 327698 and 28.
14
Calculate the highest common factor of 249704 and 1176.
392
What is the highest common factor of 3589 and 36889?
37
What is the greatest common divisor of 76414 and 442?
26
What is the greatest common divisor of 143 and 128596?
13
Calculate the greatest common divisor of 63 and 83043.
9
Calculate the highest common divisor of 189 and 119658.
21
What is the highest common factor of 111 and 85507?
37
Calculate the greatest common factor of 20 and 19156.
4
Calculate the greatest common divisor of 646087 and 169.
169
Calculate the greatest common factor of 56621 and 191959.
1381
Calculate the greatest common factor of 36 and 25492.
4
Calculate the greatest common divisor of 1565 and 54149.
313
Calculate the highest common divisor of 122 and 19154.
122
Calculate the greatest common factor of 2418 and 81034.
62
Calculate the greatest common factor of 27350 and 600.
50
What is the highest common factor of 14 and 3487246?
14
Calculate the greatest common divisor of 104760 and 62565.
1455
Calculate the greatest common factor of 2700 and 90300.
300
Calculate the highest common divisor of 26 and 120926.
26
Calculate the greatest common factor of 15 and 73335.
15
Calculate the greatest common factor of 25212 and 1122.
66
What is the greatest common divisor of 82790 and 170?
170
What is the highest common factor of 7099116 and 222?
222
What is the highest common factor of 19712 and 462?
154
Calculate the greatest common divisor of 994 and 2534.
14
What is the greatest common divisor of 80 and 399904?
16
What is the highest common factor of 2746 and 53?
1
What is the greatest common factor of 180 and 608340?
60
Calculate the highest common factor of 110 and 36520.
110
What is the greatest common factor of 130 and 198757?
13
What is the highest common factor of 1504010 and 10?
10
Calculate the greatest common factor of 94432 and 208.
208
Calculate the highest common factor of 374336 and 12.
4
Calculate the highest common divisor of 43032 and 5676.
132
What is the greatest common divisor of 770 and 2530?
110
Calculate the highest common divisor of 9266 and 2214.
82
Calculate the highest common factor of 18020 and 204.
68
Calculate the highest common factor of 1668 and 1234737.
417
What is the highest common factor of 32 and 19184?
16
Calculate the highest common factor of 2948 and 5159.
737
Calculate the greatest common divisor of 1472 and 8073.
23
What is the highest common divisor of 43394 and 1898?
26
What is the greatest common factor of 234 and 33813?
117
Calculate the highest common factor of 476 and 211.
1
Calculate the greatest common factor of 1180 and 1056.
4
What is the greatest common factor of 41076 and 504?
252
Calculate the highest common divisor of 96535 and 4730.
215
Calculate the highest common factor of 1826 and 33532.
166
What is the highest common factor of 15842 and 6319?
89
What is the highest common factor of 2094 and 366?
6
Calculate the highest common factor of 1234680 and 120.
120
What is the highest common divisor of 31392 and 80?
16
What is the highest common factor of 47464 and 408?
136
Calculate the highest common factor of 3358 and 23782.
46
What is the greatest common divisor of 96 and 439456?
32
Calculate the greatest common factor of 19 and 12314261.
19
Calculate the highest common factor of 1312768 and 6410.
1282
Calculate the highest common factor of 1300 and 1086475.
325
What is the greatest common divisor of 3600 and 4392?
72
Calculate the greatest common divisor of 10 and 72770.
10
What is the greatest common divisor of 4543 and 385?
77
Calculate the greatest common divisor of 147184 and 80.
16
Calculate the highest common divisor of 59 and 162.
1
Calculate the greatest common divisor of 3906 and 5922.
126
Calculate the highest common divisor of 1284765 and 970.
485
What is the greatest common factor of 77 and 341693?
11
Calculate the greatest common factor of 2139671 and 51.
17
What is the highest common divisor of 214225 and 25?
25
What is the greatest common divisor of 5621 and 1095?
73
What is the greatest common divisor of 2195 and 220?
5
Calculate the highest common divisor of 950852 and 5278.
406
What is the highest common divisor of 4 and 12244?
4
Calculate the highest common divisor of 1673947 and 946.
473
Calculate the greatest common factor of 4237 and 1406.
19
Calculate the highest common factor of 888 and 143232.
24
Calculate the highest common factor of 2511450 and 180.
90
Calculate the highest common divisor of 12 and 58856.
4
What is the greatest common factor of 12552 and 72?
24
What is the greatest common factor of 1056 and 34056?
264
Calculate the greatest common divisor of 992 and 6563072.
992
What is the highest common factor of 480887 and 99?
11
What is the highest common factor of 284068 and 3572?
188
Calculate the greatest common divisor of 276 and 1572.
12
What is the highest common factor of 274 and 1163952?
274
Calculate the highest common divisor of 20034 and 3213.
189
What is the greatest common divisor of 17560 and 648?
8
Ca